 12265740.
2, 3, 5, 83, 821
What are the prime factors of 1446277?
7, 307, 673
List the prime factors of 108436.
2, 27109
What are the prime factors of 38873163?
3, 7, 31, 211, 283
List the prime factors of 181558.
2, 13, 6983
What are the prime factors of 950407?
233, 4079
What are the prime factors of 244405?
5, 7, 6983
List the prime factors of 75869.
75869
What are the prime factors of 4816345?
5, 479, 2011
What are the prime factors of 40374340?
2, 5, 41, 53, 929
List the prime factors of 36147460.
2, 5, 587, 3079
List the prime factors of 5160835.
5, 47, 21961
List the prime factors of 28821409.
17, 37, 45821
List the prime factors of 15284998.
2, 7642499
List the prime factors of 316688.
2, 19793
What are the prime factors of 555702?
2, 3, 7, 101, 131
List the prime factors of 2567430.
2, 3, 5, 37, 257
List the prime factors of 426421.
426421
What are the prime factors of 188141?
47, 4003
What are the prime factors of 232557?
3, 13, 67, 89
List the prime factors of 236083.
307, 769
What are the prime factors of 11675508?
2, 3, 13, 74843
What are the prime factors of 201463?
29, 6947
What are the prime factors of 14255?
5, 2851
What are the prime factors of 3045047?
3045047
What are the prime factors of 255572?
2, 181, 353
List the prime factors of 325856.
2, 17, 599
What are the prime factors of 1451537?
29, 50053
List the prime factors of 11391626.
2, 5695813
List the prime factors of 4895978.
2, 97, 25237
What are the prime factors of 230951?
7, 32993
What are the prime factors of 46243?
131, 353
What are the prime factors of 8515640?
2, 5, 7, 17, 1789
What are the prime factors of 1590166?
2, 795083
What are the prime factors of 152819?
152819
List the prime factors of 2638272.
2, 3, 7, 13, 151
What are the prime factors of 325359?
3, 36151
What are the prime factors of 1708187?
13, 23, 29, 197
What are the prime factors of 434011?
434011
What are the prime factors of 608237?
7, 12413
What are the prime factors of 12170710?
2, 5, 1217071
What are the prime factors of 1904498?
2, 97, 9817
What are the prime factors of 289333?
11, 29, 907
List the prime factors of 8988283.
359, 25037
What are the prime factors of 19155504?
2, 3, 23, 17351
What are the prime factors of 1294347?
3, 431449
List the prime factors of 555524.
2, 29, 4789
What are the prime factors of 6327404?
2, 199, 7949
List the prime factors of 1737486.
2, 3, 96527
What are the prime factors of 73579?
11, 6689
What are the prime factors of 4649928?
2, 3, 313, 619
List the prime factors of 33102613.
613, 54001
List the prime factors of 4806619.
1229, 3911
List the prime factors of 4372164.
2, 3, 40483
What are the prime factors of 6452647?
19, 339613
What are the prime factors of 1648025?
5, 65921
List the prime factors of 14157.
3, 11, 13
What are the prime factors of 953181?
3, 43, 821
List the prime factors of 1264946.
2, 632473
What are the prime factors of 8913220?
2, 5, 137, 3253
What are the prime factors of 9922576?
2, 620161
What are the prime factors of 1882561?
1882561
List the prime factors of 7443277.
7443277
List the prime factors of 8098784.
2, 337, 751
What are the prime factors of 9705840?
2, 3, 5, 37, 1093
List the prime factors of 439740.
2, 3, 5, 7, 349
List the prime factors of 219829.
219829
List the prime factors of 1742228.
2, 17, 25621
List the prime factors of 6115907.
7, 23, 37987
What are the prime factors of 23798253?
3, 103, 77017
What are the prime factors of 434275?
5, 29, 599
List the prime factors of 138992.
2, 7, 17, 73
List the prime factors of 3601008.
2, 3, 17, 1471
What are the prime factors of 1840266?
2, 3, 53, 643
What are the prime factors of 17814278?
2, 1579, 5641
List the prime factors of 160462.
2, 80231
List the prime factors of 10477.
10477
What are the prime factors of 254523?
3, 37, 2293
What are the prime factors of 299477?
299477
What are the prime factors of 6079467?
3, 757, 2677
List the prime factors of 339871.
7, 23, 2111
What are the prime factors of 18671613?
3, 6223871
What are the prime factors of 29982?
2, 3, 19, 263
List the prime factors of 1009501.
1009501
What are the prime factors of 1376135?
5, 275227
List the prime factors of 2845115.
5, 7, 13, 37
List the prime factors of 782651.
53, 14767
What are the prime factors of 227876?
2, 11, 5179
What are the prime factors of 2058266?
2, 7, 79, 1861
What are the prime factors of 2521037?
2521037
What are the prime factors of 23570074?
2, 11, 97397
What are the prime factors of 2390620?
2, 5, 23, 5197
List the prime factors of 290778.
2, 3, 48463
What are the prime factors of 48429?
3, 5381
List the prime factors of 1534297.
53, 28949
What are the prime factors of 351923?
11, 13, 23, 107
List the prime factors of 96608.
2, 3019
What are the prime factors of 836365?
5, 47, 3559
List the prime factors of 9908020.
2, 5, 495401
What are the prime factors of 3725891?
13, 29, 9883
What are the prime factors of 201091?
11, 101, 181
What are the prime factors of 3427237?
11, 311567
What are the prime factors of 7738758?
2, 3, 429931
What are the prime factors of 1294814?
2, 59, 10973
List the prime factors of 637302.
2, 3, 106217
List the prime factors of 197084.
2, 29, 1699
What are the prime factors of 80337?
3, 61, 439
What are the prime factors of 95791?
95791
What are the prime factors of 1510893?
3, 23, 811
What are the prime factors of 892018?
2, 446009
What are the prime factors of 89998?
2, 17, 2647
List the prime factors of 21660160.
2, 5, 8461
List the prime factors of 2584425.
3, 5, 17, 2027
What are the prime factors of 1582682?
2, 41, 19301
What are the prime factors of 4886804?
2, 13, 7229
What are the prime factors of 3939536?
2, 19, 12959
What are the prime factors of 354063?
3, 107, 1103
What are the prime factors of 14974714?
2, 37, 202361
List the prime factors of 837439.
837439
List the prime factors of 13028827.
7, 1861261
List the prime factors of 564847.
211, 2677
List the prime factors of 1014037.
1014037
List the prime factors of 936230.
2, 5, 251, 373
What are the prime factors of 5735217?
3, 31, 83, 743
List the prime factors of 601824.
2, 3, 6269
List the prime factors of 5730747.
3, 11, 173659
List the prime factors of 493423.
7, 70489
List the prime factors of 1992450.
2, 3, 5, 37, 359
List the prime factors of 2621169.
3, 227, 1283
What are the prime factors of 333326?
2, 7, 29, 821
List the prime factors of 24193025.
5, 967721
What are the prime factors of 11561054?
2, 17, 340031
List the prime factors of 398746.
2, 199373
List the prime factors of 6886748.
2, 11, 281, 557
List the prime factors of 637998.
2, 3, 113, 941
List the prime factors of 19440652.
2, 7, 11, 71, 127
List the prime factors of 323107.
97, 3331
What are the prime factors of 236492?
2, 59123
What are the prime factors of 205317?
3, 7, 3259
What are the prime factors of 74653?
74653
List the prime factors of 32458484.
2, 383, 21187
List the prime factors of 2430838.
2, 29, 41911
What are the prime factors of 131244?
2, 3, 10937
List the prime factors of 7165651.
1231, 5821
What are the prime factors of 208061?
7, 29723
List the prime factors of 1389351.
3, 151, 3067
List the prime factors of 1570490.
2, 5, 157049
List the prime factors of 10299191.
7, 1471313
List the prime factors of 2846434.
2, 23, 61879
What are the prime factors of 1275578?
2, 17, 37517
List the prime factors of 180605.
5, 41, 881
What are the prime factors of 2723104?
2, 43, 1979
List the prime factors of 14825035.
5, 19, 113, 1381
List the prime factors of 867249.
3, 173, 557
What are the prime factors of 907721?
37, 24533
List the prime factors of 125562.
2, 3, 17, 1231
What are the prime factors of 1100328?
2, 3, 19, 127
What are the prime factors of 238265?
5, 47653
What are the prime factors of 640155?
3, 5, 42677
What are the prime factors of 925102?
2, 31, 43, 347
List the prime factors of 2484284.
2, 11, 131, 431
List the prime factors of 30581326.
2, 41, 372943
List the prime factors of 3136364.
2, 7, 11, 17, 599
List the prime factors of 465417.
3, 51713
What are the prime factors of 164398?
2, 13, 6323
List the prime factors of 293071.
293071
List the prime factors of 266638.
2, 133319
List the prime factors of 37621.
17, 2213
What are the prime factors of 30370468?
2, 1553, 4889
L